. Let q be s(j). Let m be (17 - q)*(-60)/(-14). What is the highest common divisor of 15 and m?
15
Let l = 680 + 490. What is the greatest common factor of 20 and l?
10
Suppose -13*f = -23*f + 1540. What is the greatest common factor of 14 and f?
14
Let f(t) = -7*t - 23. Let n be f(-4). What is the greatest common factor of n and 185?
5
Let z be ((-8)/10)/(6/15). Suppose -4*v + 30 = -2*i, 0 = 3*i + 2*v + 40 - 11. Let c be 7/(7/z) - i. What is the highest common divisor of c and 63?
9
Suppose -90 = -3*i + 99. Suppose -20 = 2*o - 12*o. Let p be 1/o - 34/(-4). Calculate the greatest common divisor of p and i.
9
Let q(a) = 9*a**2 - 6*a - 3. Let d(n) = -n**2 - 6*n + 10. Let r be d(-7). Let y be q(r). Calculate the greatest common factor of y and 48.
12
Let z = 1147 - 1143. Calculate the highest common divisor of 956 and z.
4
Suppose -33*k = -32*k - 6. Calculate the highest common divisor of 6 and k.
6
Let a = -24 - -12. Let l = 16 + a. Suppose 0 = -0*h - l*h + 28. Calculate the highest common factor of 49 and h.
7
Suppose 0 = -191*o + 167*o + 9408. What is the greatest common factor of 49 and o?
49
Let f be (-6)/8*-9*-4. Let a = f - -71. Suppose r - 28 = -2*j + 5*r, -4*j + 2*r + a = 0. Calculate the greatest common divisor of j and 70.
10
Suppose -2*o - 3*s + 27 = 0, -5*o + 0*s - 2*s + 95 = 0. Let k(g) = -21*g. Let u be k(-4). What is the highest common divisor of o and u?
21
Let g(h) = h**3 + 4*h**2 + 2*h. Let z be g(-3). Suppose -z*i + 15 = -21. Let o = 10 + 2. What is the greatest common divisor of o and i?
12
Let v(o) = -3*o**3 + 1. Let q be v(1). Let z = 7 + q. Suppose 0*d - 2*d - 4*x + 8 = 0, 3*d - 67 = z*x. What is the highest common divisor of d and 126?
14
Let c(k) = 7*k**2 + 6*k - 5. Let j be c(3). Let w be (j/(-95))/((-2)/5). Calculate the highest common factor of 4 and w.
2
Let u(o) = -73*o - 2. Let z be u(-2). Suppose -4*l - l - 2*w = -z, 2*l = 4*w + 72. Calculate the greatest common divisor of l and 60.
30
Suppose o - 4*v = 45, 0 = o - 2*v - 38 + 3. Suppose -6*l + 65 = -o. Suppose 0 = -2*z + 6*z - 300. What is the highest common factor of z and l?
15
Let d be 9/3 - (0 - -1). Suppose f - 120 = d*g + g, 4*f = 2*g + 520. Let z = -61 - -73. What is the greatest common divisor of z and f?
12
Let k(a) = -90*a - 137. Let t be k(-7). What is the greatest common factor of t and 87?
29
Suppose -11*c - 96 = -15*c. What is the greatest common divisor of c and 15?
3
Suppose 0 = -2*t - 2*o + 12, 6*t + 0 - 1 = o. What is the highest common divisor of t and 57?
1
Let a be 28/10 - (2/10)/(-1). Suppose a*p - 225 - 99 = 0. What is the highest common factor of 12 and p?
12
Suppose -4*k + 96 + 192 = 0. Suppose 2*c + 4*v - 104 = 6*c, 0 = -2*c - v - 61. Let y = c + 37. Calculate the greatest common divisor of k and y.
8
Suppose -4*b - 46 = -14. Let z be b/44 - ((-706)/11)/1. What is the greatest common factor of 96 and z?
32
Let l(f) = 2*f**2 - f + 1. Let z be l(-4). Let n(v) = 5*v**2 + 4*v + 79. Let w be n(-7). Calculate the greatest common divisor of z and w.
37
Let c be (11 - 12)/((-4)/2068). What is the highest common factor of 11 and c?
11
Let x = 1 + 1. Let t(h) = -126*h + 69*h + 70*h. Let o be t(x). What is the greatest common divisor of 65 and o?
13
Suppose 11*u = 39*u - 1540. What is the highest common factor of u and 15?
5
Suppose -41580 = -46*z - 17*z. What is the highest common divisor of 66 and z?
66
Let b(j) = 188*j - 43. Let h be b(2). Calculate the highest common factor of h and 37.
37
Suppose 2*r + 5*f = 33, 5*r - 2*f + 6 = 4*r. Let j be (-49)/(-28)*r*1. What is the highest common divisor of 14 and j?
7
Suppose 3*m = 10*m. Suppose m = -10*i - 39 + 129. Let p be 1/(-2) - (-127)/2. What is the greatest common factor of p and i?
9
Let z be (-180)/(-9) + (-4 - 0). Let k = 0 + z. What is the greatest common divisor of 112 and k?
16
Suppose 58*h - 57*h - 51 = 0. What is the highest common divisor of 561 and h?
51
Let j(b) = b**2 - 11*b + 6. Let i be j(12). Let z be 7/((-84)/(-324)) - 3. What is the greatest common factor of z and i?
6
Suppose 0 = -4*l - 8, 0*y = 5*y + l - 3278. What is the greatest common divisor of y and 82?
82
Let u be (-1)/((-2 - 1)/15). Let j(m) = m + 10. Suppose -5*n + 0*n - 25 = 0. Let k be j(n). What is the greatest common factor of k and u?
5
Let j be (-42)/35*10/(-6). Suppose -j*y + 127 = s, 3*y - 201 = -3*s + 5*s. What is the highest common factor of y and 26?
13
Let a be 0/(-5) + -1 + 31. Let p(s) = 27*s**3 - 3*s**2 + 4*s - 2. Let i be p(2). Calculate the greatest common divisor of i and a.
30
Let x = 18 + 42. Let v = 81 - x. Calculate the highest common divisor of v and 168.
21
Suppose 15 - 87 = -4*q. Let c be (-16 - -25)/((-9)/(-6)). Calculate the greatest common divisor of q and c.
6
Suppose 0 = -3*h + 120 + 150. Suppose 4*f - 5*i = 97, -3*i + 8*i = -2*f + 11. Calculate the greatest common divisor of f and h.
18
Let m(n) = -3*n**2 + 27*n**3 + 25*n + 3*n**2 - n**2 - 22*n - 3. Let w be m(1). Calculate the greatest common divisor of 52 and w.
26
Let l = -116 - -124. What is the highest common divisor of 24 and l?
8
Let i = -163 - -237. Suppose 3*f + 351 = 4*f. Suppose -5*h + f = -i. Calculate the greatest common factor of 17 and h.
17
Let p be 12 + (13 - (-117)/(-13)). Calculate the highest common factor of 592 and p.
16
Let w(h) = -2*h**2 - 5*h + 20. Let m be w(-4). Calculate the greatest common divisor of 116 and m.
4
Suppose 8*s - 925 = 587. Calculate the greatest common divisor of s and 108.
27
Let h be 4/6 - (-178)/3. Let m(o) = -o**3 + 3*o**2 - 5*o + 8. Let b be m(5). Let t = b - -82. Calculate the greatest common divisor of t and h.
15
Let q be 1 - ((-6)/(-27) - (-29)/(-9)). Let p(v) = -2*v**3 + 6*v**2 + 9*v + 3. Let z be p(q). What is the greatest common divisor of 63 and z?
7
Suppose 0 = -2*r + 8 - 0, 0 = -3*m + 4*r + 116. Calculate the highest common factor of m and 198.
22
Let s(j) = -j**3 - 10*j**2 + 7*j - 12. Let n be s(-12). Let y be (-11)/(-2)*n/(10 - 4). What is the greatest common divisor of y and 16?
16
Suppose -b = 5*y + 11 - 42, -102 = -4*b + 2*y. Let m be (-50)/(-13) + -4 + 550/b. Calculate the highest common divisor of 7 and m.
7
Suppose -2*m = 4*m - 84. Suppose -4*p + p = 2*a - 457, p = -4*a + 909. Let f = a + -101. Calculate the highest common divisor of m and f.
14
Let l = 42 + -14. Let g be 28/182 + (-568)/(-26). Suppose -g = -o + l. Calculate the highest common factor of 10 and o.
10
Let i be 401 + ((-36)/60)/(3/(-20)). What is the highest common factor of 45 and i?
45
Let g be 238 + 51 - 16/(-2). What is the greatest common factor of g and 165?
33
Let r(m) = -m**3 + 7*m**2 + 4*m - 4. Let y be r(7). Let g(l) = 22*l**2 - 2. Let s be g(2). Let h = 122 - s. Calculate the highest common factor of y and h.
12
Suppose 0*q - 5*q - 3*q = 0. Suppose 3*c - 2*r - 218 = 0, q*c = 4*c + r - 276. Let o = -43 - -71. Calculate the highest common factor of c and o.
14
Let f be (-182)/39*(1 - (-116)/(-8)). Calculate the highest common factor of 9 and f.
9
Let h be ((-17)/3 - 5)/(18/(-81)). What is the highest common factor of h and 432?
48
Let x(d) = 13*d**2 + 7*d + 5. Let p be x(-2). Suppose 0 = 5*h - 2*t - 432, 16 = 2*h - 5*t - 161. What is the highest common factor of p and h?
43
Let u(n) = -7*n**2 - 6*n - 8. Let s(w) = 21*w**2 + 19*w + 25. Let k(c) = -2*s(c) - 7*u(c). Let m be k(-3). What is the highest common factor of m and 38?
19
Let y(p) = p**3 + 7*p**2 - p + 3. Let z be y(-7). Let m be 1/(-2 - (-15)/9). Let l be (110/m)/((-4)/12). Calculate the highest common factor of z and l.
10
Let h = -22 + 214. Let v be 51 + 2/2 - -2. Let q = v - 30. What is the greatest common divisor of h and q?
24
Suppose -3*o + 5*m + 448 = 158, o - 90 = 5*m. Calculate the highest common divisor of o and 20.
20
Let g be 2 + -2 + 5 - 1. Suppose -g*f = -f - 18. Let k be f/(-9) + 132/9. Calculate the greatest common divisor of k and 56.
14
Suppose -8*u + 12 = -4*u. Let r be -1*(7*-4 + u). What is the greatest common factor of r and 10?
5
Let r(l) = -12*l - 215. Let b be r(-20). What is the greatest common factor of 320 and b?
5
Suppose 0 = -2*z + 2*t + 54, -z - 4*z = t - 129. What is the greatest common factor of 117 and z?
13
Let k(d) = -d**2 - 22*d - 33. Let g be k(-17). What is the highest common factor of g and 4?
4
Suppo